- 8 - 42 = 0. List the prime factors of h.
2, 5
Let g = 86 + -44. What are the prime factors of g?
2, 3, 7
Let a(s) = -s - 5. Let c be a(-9). Let t(i) = 4*i - 4. List the prime factors of t(c).
2, 3
Let l(x) = -x**2 - 9*x - 8. Let i(g) = -2*g + 6. Suppose 2 + 28 = 5*y. Let h be i(y). List the prime factors of l(h).
2, 5
Let r(k) = k**2 + 4. Let i = -6 - -6. Let y be r(i). List the prime factors of ((-6)/(-9))/(y/102).
17
Suppose 2*g + 2*k = -6, -3*k - 19 = 5*g - 2. List the prime factors of g/(-6)*1*3.
2
Let q(p) = 16*p - 71. List the prime factors of q(18).
7, 31
Suppose 2*f - 4*f = -20. Let u = -4 + f. Let p = u + 4. What are the prime factors of p?
2, 5
Let a(u) = -u**3 + 4*u**2 - 4*u + 3. Let x be a(3). Suppose -c = -5*n - x + 5, -4*c + 3 = 3*n. Let h = c + 11. List the prime factors of h.
11
What are the prime factors of (-902)/(-66)*3*1?
41
Let g = 25 + 36. List the prime factors of g.
61
Let g = -20 + 32. Suppose -4*x + g = 3*o + x, 3*o + 4*x - 15 = 0. What are the prime factors of o?
3
Let d be (-1)/(-1) - 3/1. What are the prime factors of 4*d/(-8) + 10?
11
Let a = 651 + -328. What are the prime factors of a?
17, 19
Let d be 2/4 - (-27)/6. Suppose -78 = d*u - 3*n, 15 = -5*u - 2*n - 83. Let j = u + 28. List the prime factors of j.
2, 5
Let y(c) = -c - 7. Let r be 0/(-2)*(-3)/3. Let n be y(r). What are the prime factors of (7/(n/6))/(-1)?
2, 3
Suppose -2*v - 5*r = -293, 0*v - 5*v + 761 = 3*r. What are the prime factors of v?
2, 7, 11
Let c(x) = -3*x**3 - 7*x**2 + 2*x**3 + 3*x**2 + 1 - 2*x. Let n be c(-4). What are the prime factors of 68/6 - 3/n?
11
Suppose 0 = -0*b + 4*b + 60. What are the prime factors of ((-24)/b)/(3/15)?
2
Let z(l) = l**3 - 6*l**2 + 4*l - 6. Let j(v) = -v**3 - 2*v**2 - 4*v - 2. Let c be j(-2). What are the prime factors of z(c)?
2, 3
Let p(f) = -f**2 - 10*f - 6. Let z be p(-4). Let c = z - 0. What are the prime factors of c?
2, 3
Suppose 3*k - 12 = l + 14, 5*k = 5*l + 170. Let c = -22 - l. What are the prime factors of c?
2
Let k(r) = r**2 - 19*r - 6. List the prime factors of k(26).
2, 11
Let l = 31 - 14. List the prime factors of l.
17
Let h(i) = 6*i - 14. List the prime factors of h(10).
2, 23
What are the prime factors of (-244)/(-8) + 3/6?
31
List the prime factors of (-23)/(-46) + 654/4.
2, 41
Let w = 1 + -3. What are the prime factors of -2 + 2 + w/(-1)?
2
Suppose -41 = -d - 2*p, 4*p = -5*d - 0*d + 175. What are the prime factors of d?
31
What are the prime factors of (-2 + 0)*122/(-4)?
61
Suppose 213 = 4*g - 5*m, -2*g - g + 4*m + 159 = 0. List the prime factors of g.
3, 19
Suppose 5*o = 16*o - 913. List the prime factors of o.
83
Let a(x) = -3*x - 2. Let p be a(-2). Let w = p + 11. List the prime factors of w.
3, 5
Let d = -5 - -33. Suppose 3*c + 5*w - d = 0, 2*c - 4*c - 3 = -w. Suppose 0 = 3*y - c - 5. List the prime factors of y.
2
Let u(s) = s**3 - 6*s**2 + 2*s - 6. Let c = -8 + 13. Suppose 0 = c*a + 2 - 32. List the prime factors of u(a).
2, 3
Let g be -2*((-6)/2)/3. Suppose 2*z = -z + 15. Suppose 5*w = 3*v + 11, -g = -3*v - z*w + 27. List the prime factors of v.
3
Suppose -3*w = -4*d + 1085 - 273, 0 = d - 5*w - 203. List the prime factors of d.
7, 29
Let t = -23 - -26. Let h(r) = r**2 - 2*r + 3. Let f be h(3). Let i = f + t. What are the prime factors of i?
3
Suppose 0*l = -5*l + 15. What are the prime factors of (-22)/(-4)*12/l?
2, 11
Let t(p) = -p**3 - p**2 + p + 2. Let m be -4*(2 + 0 - 4). Suppose 0 = -3*h - 2*y - m, 4*y + y = 2*h - 20. What are the prime factors of t(h)?
2
Suppose 0 = 3*b - 7*b + 136. List the prime factors of b.
2, 17
Let n be -4*2*(-3)/2. Suppose -h - 5 = -3*k + 7, 3*k + h - n = 0. Suppose -d = -k*d + 48. List the prime factors of d.
2
Let d be 58 + 0 + (-8)/(-4). Suppose -4*a + 216 = d. What are the prime factors of a?
3, 13
Let t = 7 + -4. Let n = 2 + t. What are the prime factors of n?
5
Suppose -151 + 435 = 4*d. What are the prime factors of d?
71
List the prime factors of (-4 - -29) + 1 + 0.
2, 13
List the prime factors of (-1133)/(-7) + 7/49.
2, 3
Let i(t) = 13*t - 5. What are the prime factors of i(6)?
73
Let z = 9 - 7. Suppose 0 = z*i - 4*i + 18. List the prime factors of i.
3
Let q = -1 - -1. Suppose 2*o + o - 39 = q. List the prime factors of o.
13
List the prime factors of (-5796)/(-70) - 1/(-5).
83
Let c = -19 - -21. List the prime factors of c.
2
Suppose -4*o + 12 = 0, 4*v - 40 = -3*o + 17. Suppose -v*l = -7*l - 170. List the prime factors of l.
2, 17
Let p(v) = -4 - v + 3*v - 3 - 5*v. List the prime factors of p(-9).
2, 5
Suppose -2*p = 3*y + 15, 2*y - 2*p - 3 + 13 = 0. Let c = y + 12. What are the prime factors of c?
7
Let f be -4*(-1)/((-4)/(-1)). Let v = -8 + f. What are the prime factors of (-12)/v - 16/(-56)?
2
Let x(l) = l**2 - 4. Suppose 4*j + 10 - 30 = 0. Suppose -j*u + 5*z = 3 - 38, -5*u + 32 = -4*z. What are the prime factors of x(u)?
2, 3
Let p(z) = -6 + z**2 + 0*z**2 + 1 + 6*z. Let o be p(-7). Let l = 4 - o. What are the prime factors of l?
2
Let s(f) = f**2 - f - 7. Let h be s(0). Let l(u) = -u**3 + 15*u**2 + 17*u - 30. Let y be l(16). Let a = h - y. List the prime factors of a.
7
Let u(b) = 6*b - 5*b**2 - 4*b + 2*b**2 + 4*b**2. Suppose 2*v + v = 6. List the prime factors of u(v).
2
Let v(o) = -2*o - 3. Let c be v(-3). Suppose 10 = c*h + 2*h. List the prime factors of h.
2
Let j(z) = -z**2 - 8*z + 6. Let s be j(-8). List the prime factors of 1 + s + (0 - -2).
3
Let n = 67 - 31. List the prime factors of n.
2, 3
Suppose 0 = -5*t + 20, -172 = -w - 3*t - 0*t. List the prime factors of w.
2, 5
Let p(d) = -6*d. Let m be p(-1). Let h(z) = -z**3 + 6*z**2 + z + 8. What are the prime factors of h(m)?
2, 7
Let a(l) = l**3 + 3*l**2 + 4*l + 3. Let o(p) = -4*p**3 - 9*p**2 - 12*p - 8. Let k(t) = -7*a(t) - 2*o(t). What are the prime factors of k(5)?
5
Let j(z) = z**3 - 4*z**2 - 5*z + 10. List the prime factors of j(6).
2, 13
Let b = 5 + 2. Let k(m) = -m**3 + 8*m**2 - 4*m - 9. List the prime factors of k(b).
2, 3
Let n(o) = o**3 + 7*o**2 - 4*o + 5. List the prime factors of n(-4).
3, 23
Suppose 15 + 1 = 4*w. Suppose -65 = w*o - 9*o. Let a = o - 9. List the prime factors of a.
2
Suppose -5 + 18 = y. Let w = 25 - y. What are the prime factors of w?
2, 3
Let g = 108 - 38. What are the prime factors of g?
2, 5, 7
Let c(l) = l**3 + 7*l**2 - 2*l + 7. List the prime factors of c(-4).
3, 7
Suppose -4*w = 5*x - 1022, -2*w + 3*x = -388 - 134. List the prime factors of w.
2, 3, 43
Let n be (-8)/(-5)*10/4. Suppose -n*f - f + 70 = 0. List the prime factors of f.
2, 7
Suppose 17 = -g - 32. List the prime factors of (g/14)/(2/(-20)).
5, 7
Let l(s) = -s**3 + 7*s**2 + 5*s - 9. What are the prime factors of l(7)?
2, 13
Suppose y + 5*j + 22 = 0, 45 + 2 = -5*y - 4*j. Suppose 3*t = t + 42. Let k = t + y. List the prime factors of k.
2, 7
Let v = -28 + 13. Let c = 21 + v. List the prime factors of (-10)/3*(-9)/c.
5
Let z(d) = 3*d - 3. List the prime factors of z(9).
2, 3
Let z(c) = c**2 - 3*c + 6. Let r be z(5). Suppose 3*s = s + 20. Suppose -3*q - 4 + r = 0, 0 = 3*m - 4*q + s. List the prime factors of m.
2
Suppose 0 = 2*l + 13 + 29. Let r = -3 - l. List the prime factors of r.
2, 3
What are the prime factors of (-2)/10 - (-448)/40?
11
Let m(y) = -7*y - 2. Let i be m(-2). Let k = 29 - i. What are the prime factors of k?
17
Suppose 0*h + 68 = 4*h - 2*v, 2*h = 3*v + 30. What are the prime factors of h?
2, 3
Let c(h) = -2*h**2 - 4*h + 1. Let i be c(-3). What are the prime factors of i*((-2)/5 + -1)?
7
Let b(r) = 5 - 2*r**2 + r**3 - 5*r**2 + 2. What are the prime factors of b(7)?
7
Let c be (-13 - -10)*4/(-3). Suppose 4 = -c*w + 40. What are the prime factors of w?
3
Let s(r) = -r**2 + 7*r + 5. Let m be s(7). Let i = m - 2. Suppose -i*f + 35 + 28 = 0. List the prime factors of f.
3, 7
List the prime factors of ((-2)/(-3))/((-4)/(-60)).
2, 5
List the prime factors of (28/70)/(1/160).
2
Let y(w) = -21*w - 35. What are the prime factors of y(-7)?
2, 7
Let v = 154 + -86. Let z be v/2 - (0 + -2). Suppose -6*l + 2*l = -z. What are the prime factors of l?
3
Suppose -2*y = -5*y + 15. Let u be 1 - (2 - y)/3. Suppose 3*a - 24 = 5*t, -3 = u*a - 2*t - 15. List the prime factors of a.
3
Suppose 3*f = 1 + 11. Suppose -2*a = f*l - 9*l + 7, -2*l + 2*a = 2. Suppose -b - l + 13 = 0. List the prime factors o